it of 817883?
7
What is the hundred thousands digit of 2013805?
0
What is the tens digit of 2822592?
9
What is the tens digit of 249040?
4
What is the ten thousands digit of 7513419?
1
What is the ten thousands digit of 133613?
3
What is the thousands digit of 1138610?
8
What is the hundreds digit of 11113323?
3
What is the hundreds digit of 40276?
2
What is the ten thousands digit of 1317758?
1
What is the hundreds digit of 334560?
5
What is the ten thousands digit of 8011038?
1
What is the thousands digit of 1133829?
3
What is the tens digit of 27129?
2
What is the thousands digit of 345768?
5
What is the hundred thousands digit of 202396?
2
What is the tens digit of 12466418?
1
What is the thousands digit of 120691?
0
What is the millions digit of 13120972?
3
What is the ten thousands digit of 1746889?
4
What is the hundred thousands digit of 16219554?
2
What is the tens digit of 3494830?
3
What is the thousands digit of 135720?
5
What is the tens digit of 1529418?
1
What is the hundreds digit of 6143706?
7
What is the units digit of 63670?
0
What is the thousands digit of 6061118?
1
What is the ten thousands digit of 11238?
1
What is the units digit of 1473440?
0
What is the hundreds digit of 700678?
6
What is the hundreds digit of 210887?
8
What is the thousands digit of 235632?
5
What is the units digit of 25552617?
7
What is the units digit of 1067380?
0
What is the thousands digit of 7688370?
8
What is the thousands digit of 11221576?
1
What is the hundreds digit of 177025?
0
What is the hundred thousands digit of 139677?
1
What is the thousands digit of 1258431?
8
What is the hundreds digit of 239495?
4
What is the ten thousands digit of 3561432?
6
What is the hundred thousands digit of 316201?
3
What is the ten thousands digit of 624311?
2
What is the hundreds digit of 23502656?
6
What is the hundred thousands digit of 607095?
6
What is the ten thousands digit of 1790706?
9
What is the ten thousands digit of 112701?
1
What is the tens digit of 1041114?
1
What is the thousands digit of 122686?
2
What is the tens digit of 631165?
6
What is the ten thousands digit of 1543765?
4
What is the millions digit of 2265712?
2
What is the tens digit of 1155416?
1
What is the ten thousands digit of 177954?
7
What is the thousands digit of 5095969?
5
What is the ten thousands digit of 12893992?
9
What is the ten thousands digit of 28116?
2
What is the ten thousands digit of 7055474?
5
What is the units digit of 677867?
7
What is the ten thousands digit of 2192254?
9
What is the hundreds digit of 13763267?
2
What is the units digit of 321061?
1
What is the ten thousands digit of 644420?
4
What is the hundreds digit of 28507?
5
What is the ten thousands digit of 989504?
8
What is the millions digit of 19578786?
9
What is the thousands digit of 7124592?
4
What is the hundred thousands digit of 1183926?
1
What is the hundred thousands digit of 13873966?
8
What is the units digit of 5582278?
8
What is the ten thousands digit of 58653?
5
What is the millions digit of 4288272?
4
What is the ten thousands digit of 13641536?
4
What is the tens digit of 627655?
5
What is the hundred thousands digit of 462678?
4
What is the units digit of 6703012?
2
What is the tens digit of 387233?
3
What is the hundred thousands digit of 555322?
5
What is the ten thousands digit of 91769?
9
What is the hundred thousands digit of 16612778?
6
What is the ten thousands digit of 368727?
6
What is the hundred thousands digit of 2178489?
1
What is the units digit of 10958869?
9
What is the hundred thousands digit of 2923416?
9
What is the ten thousands digit of 426615?
2
What is the units digit of 1981194?
4
What is the millions digit of 1005696?
1
What is the thousands digit of 501625?
1
What is the millions digit of 12916568?
2
What is the millions digit of 9738805?
9
What is the thousands digit of 1955267?
5
What is the units digit of 888470?
0
What is the ten thousands digit of 8538914?
3
What is the ten thousands digit of 115153?
1
What is the hundreds digit of 68955?
9
What is the thousands digit of 1400256?
0
What is the hundreds digit of 2493136?
1
What is the thousands digit of 580188?
0
What is the tens digit of 72004?
0
What is the ten thousands digit of 316515?
1
What is the hundred thousands digit of 146859?
1
What is the hundreds digit of 857162?
1
What is the tens digit of 10099419?
1
What is the ten thousands digit of 654429?
5
What is the units digit of 28949165?
5
What is the hundreds digit of 21245900?
9
What is the hundred thousands digit of 2979004?
9
What is the hundred thousands digit of 3913726?
9
What is the units digit of 279087?
7
What is the hundred thousands digit of 360505?
3
What is the tens digit of 300898?
9
What is the units digit of 35521877?
7
What is the ten thousands digit of 89985?
8
What is the hundreds digit of 37914?
9
What is the tens digit of 887769?
6
What is the thousands digit of 88946?
8
What is the ten thousands digit of 3908316?
0
What is the tens digit of 4892?
9
What is the millions digit of 3606462?
3
What is the tens digit of 1382223?
2
What is the ten thousands digit of 6638710?
3
What is the thousands digit of 3021665?
1
What is the units digit of 7807855?
5
What is the units digit of 3683593?
3
What is the millions digit of 1708567?
1
What is the tens digit of 902171?
7
What is the hundreds digit of 188075?
0
What is the hundred thousands digit of 4858411?
8
What is the ten thousands digit of 505282?
0
What is the millions digit of 1739908?
1
What is the tens digit of 2118203?
0
What is the hundred thousands digit of 505866?
5
What is the units digit of 357993?
3
What is the hundred thousands digit of 920973?
9
What is the hundreds digit of 142921?
9
What is the ten thousands digit of 343796?
4
What is the hundred thousands digit of 199779?
1
What is the hundred thousands digit of 8277238?
2
What is the tens digit of 1209795?
9
What is the tens digit of 94069?
6
What is the ten thousands digit of 2112549?
1
What is the ten thousands digit of 1080662?
8
What is the tens digit of 410705?
0
What is the hundreds digit of 6464654?
6
What is the units digit of 68310?
0
What is the tens digit of 796165?
6
What is the hundred thousands digit of 13063340?
0
What is the tens digit of 62537?
3
What is the thousands digit of 1686232?
6
What is the hundred thousands digit of 1529545?
5
What is the units digit of 49516?
6
What is the ten thousands digit of 121875?
2
What is the hundreds digit of 1104901?
9
What is the hundred thousands digit of 35183946?
1
What is the hundred thousands digit of 8610957?
6
What is the hundred thousands digit of 263530?
2
What is the units digit of 2503393?
3
What is the millions digit of 6873542?
6
What is the hundreds digit of 315366?
3
What is the millions digit of 7379933?
7
What is the hundred thousands digit of 9395227?
3
What is the hundred thousands digit of 345801?
3
What is the hundreds digit of 319165?
1
What is the hundreds digit of 10479?
4
What is the units digit of 185062?
2
What is the hundred thousands digit of 2724906?
7
What is the thousands digit of 29195?
9
What is the hundreds digit of 5102248?
2
What is the ten thousands digit of 15605426?
0
What is the hundred thousands digit of 806758?
8
What is the units digit of 1194011?
1
What is the hundred thousands digit of 13059042?
0
What is the ten millions digit of 33328159?
3
What is the tens digit of 3286517?
1
What is the thousands digit of 41620?
1
What is the units digit of 6951069?
9
What is the ten thousands digit of 735641?
3
What is the millions digit of 3111645?
3
What is the thousands digit of 9919406?
9
What is the millions digit of 4098364?
4
What is the tens digit of 48590?
9
What is the hundred thousands digit of 13597456?
5
What is the thousands digit of 3013756?
3
What is the hundred thousands digit of 38208158?
2
What is the thousands digit of 339912?
9
What is the units digit of 2403136?
6
What is the ten thousands digit of 20320317?
2
What is the ten thousands digit of 354989?
5
What is the hundreds digit of 11808?
8
What is the ten thousands digit of 332133?
3
What is the hundreds digit of 2994220?
2
What is the units digit of 570237?
7
What is the thousands digit of 177177?
7
What is the ten millions digit of 2